{"id":19049,"date":"2024-10-14T10:13:41","date_gmt":"2024-10-14T10:13:41","guid":{"rendered":"https:\/\/ilmaveere.ee\/dev\/?page_id=19049"},"modified":"2024-10-23T16:13:28","modified_gmt":"2024-10-23T13:13:28","slug":"ilmaveere-tingimused","status":"publish","type":"page","link":"https:\/\/ilmaveere.ee\/dev\/ilmaveere-tingimused\/","title":{"rendered":"Tingimused"},"content":{"rendered":"\t\t<div data-elementor-type=\"wp-page\" data-elementor-id=\"19049\" class=\"elementor elementor-19049\">\n\t\t\t\t<div class=\"elementor-element elementor-element-8b065ca e-flex e-con-boxed e-con e-parent\" data-id=\"8b065ca\" data-element_type=\"container\" data-e-type=\"container\">\n\t\t\t\t\t<div class=\"e-con-inner\">\n\t\t\t\t<div class=\"elementor-element elementor-element-3bf01a6 elementor-widget elementor-widget-text-editor\" data-id=\"3bf01a6\" data-element_type=\"widget\" data-e-type=\"widget\" data-widget_type=\"text-editor.default\">\n\t\t\t\t<div class=\"elementor-widget-container\">\n\t\t\t\t\t\t\t\t\t<p>Booking\u00a0<strong><a href=\"https:\/\/ilmaveere.ee\/dev\/en\/terms-conditions\/\" target=\"_blank\" rel=\"noopener\"> terms and conditions<\/a><\/strong><\/p>\t\t\t\t\t\t\t\t<\/div>\n\t\t\t\t<\/div>\n\t\t\t\t<div class=\"elementor-element elementor-element-69a864b elementor-widget elementor-widget-accordion\" data-id=\"69a864b\" data-element_type=\"widget\" data-e-type=\"widget\" data-widget_type=\"accordion.default\">\n\t\t\t\t<div class=\"elementor-widget-container\">\n\t\t\t\t\t\t\t<div class=\"elementor-accordion\">\n\t\t\t\t\t\t\t<div class=\"elementor-accordion-item\">\n\t\t\t\t\t<div id=\"elementor-tab-title-1101\" class=\"elementor-tab-title\" data-tab=\"1\" role=\"button\" aria-controls=\"elementor-tab-content-1101\" aria-expanded=\"false\">\n\t\t\t\t\t\t\t\t\t\t\t\t\t<span class=\"elementor-accordion-icon elementor-accordion-icon-left\" aria-hidden=\"true\">\n\t\t\t\t\t\t\t\t\t\t\t\t\t\t\t<span class=\"elementor-accordion-icon-closed\"><svg class=\"e-font-icon-svg e-fas-plus\" viewBox=\"0 0 448 512\" xmlns=\"http:\/\/www.w3.org\/2000\/svg\"><path d=\"M416 208H272V64c0-17.67-14.33-32-32-32h-32c-17.67 0-32 14.33-32 32v144H32c-17.67 0-32 14.33-32 32v32c0 17.67 14.33 32 32 32h144v144c0 17.67 14.33 32 32 32h32c17.67 0 32-14.33 32-32V304h144c17.67 0 32-14.33 32-32v-32c0-17.67-14.33-32-32-32z\"><\/path><\/svg><\/span>\n\t\t\t\t\t\t\t\t<span class=\"elementor-accordion-icon-opened\"><svg class=\"e-font-icon-svg e-fas-minus\" viewBox=\"0 0 448 512\" xmlns=\"http:\/\/www.w3.org\/2000\/svg\"><path d=\"M416 208H32c-17.67 0-32 14.33-32 32v32c0 17.67 14.33 32 32 32h384c17.67 0 32-14.33 32-32v-32c0-17.67-14.33-32-32-32z\"><\/path><\/svg><\/span>\n\t\t\t\t\t\t\t\t\t\t\t\t\t\t<\/span>\n\t\t\t\t\t\t\t\t\t\t\t\t<a class=\"elementor-accordion-title\" tabindex=\"0\">Tubade broneeringu tingimused ja t\u00fchistamine<\/a>\n\t\t\t\t\t<\/div>\n\t\t\t\t\t<div id=\"elementor-tab-content-1101\" class=\"elementor-tab-content elementor-clearfix\" data-tab=\"1\" role=\"region\" aria-labelledby=\"elementor-tab-title-1101\"><p>\u203a Kui broneering t\u00fchistatakse 15-28 p\u00e4eva enne saabumise kuup\u00e4eva, arvestatakse maha<br \/>25% broneeringu kogusummast.<\/p><p>\u203a Kui broneering t\u00fchistatakse 7-14 p\u00e4eva enne saabumise kuup\u00e4eva, arvestatakse maha<br \/>50% broneeringu kogusummast.<\/p><p>\u203a Kui broneering t\u00fchistatakse kuni 7 p\u00e4eva enne saabumise kuup\u00e4eva, arvestatakse 100%<br \/>broneeringu kogusummast.<\/p><p>Broneeringu muutmine<br \/>\u203a Kui soovite broneeringut muuta, v\u00f5tke meiega \u00fchendust e-posti teel: <a href=\"mailto:info@ilmaveere.ee\">info@ilmaveere.ee<\/a> v\u00f5i<br \/>telefoni teel <a href=\"tel:+37256606044\">+372 56606044<\/a> ning me teeme oma parima, et teie soovile vastu tulla.<br \/>\u203a Broneeringut saab muuta tasuta v\u00e4hemalt 28 p\u00e4eva enne algset broneeringu kuup\u00e4eva.<\/p><p>T\u00fchistamine \u00e4geda haiguse \/ v\u00e4\u00e4ramatu j\u00f5u korral<br \/>V\u00e4\u00e4ramatu j\u00f5u korral on v\u00f5imalik Ilmaveeres oma viibimist t\u00fchistada kehtivatest t\u00fchistamise<br \/>tingimustest s\u00f5ltumata. See t\u00e4hendab, et kui t\u00e4idate tingimusi, saate tagasi kuni 75%<br \/>broneeringu kogusummast. Etten\u00e4gematud s\u00fcndmused v\u00f5ivad olla: surmajuhtumid, rasked<br \/>haigused v\u00f5i \u00f5nnetused, mis m\u00f5jutavad teid, teie kaasreisijat, abikaasat, partnerit, teie pere.<\/p><p>K\u00fclastaja kohustused<br \/>Kontrollige broneeringu kinnitust kohe, kui selle k\u00e4tte saate. K\u00f5ik vead tuleb viivitamatult<br \/>lahendada e-posti teel.<\/p><\/div>\n\t\t\t\t<\/div>\n\t\t\t\t\t\t\t<div class=\"elementor-accordion-item\">\n\t\t\t\t\t<div id=\"elementor-tab-title-1102\" class=\"elementor-tab-title\" data-tab=\"2\" role=\"button\" aria-controls=\"elementor-tab-content-1102\" aria-expanded=\"false\">\n\t\t\t\t\t\t\t\t\t\t\t\t\t<span class=\"elementor-accordion-icon elementor-accordion-icon-left\" aria-hidden=\"true\">\n\t\t\t\t\t\t\t\t\t\t\t\t\t\t\t<span class=\"elementor-accordion-icon-closed\"><svg class=\"e-font-icon-svg e-fas-plus\" viewBox=\"0 0 448 512\" xmlns=\"http:\/\/www.w3.org\/2000\/svg\"><path d=\"M416 208H272V64c0-17.67-14.33-32-32-32h-32c-17.67 0-32 14.33-32 32v144H32c-17.67 0-32 14.33-32 32v32c0 17.67 14.33 32 32 32h144v144c0 17.67 14.33 32 32 32h32c17.67 0 32-14.33 32-32V304h144c17.67 0 32-14.33 32-32v-32c0-17.67-14.33-32-32-32z\"><\/path><\/svg><\/span>\n\t\t\t\t\t\t\t\t<span class=\"elementor-accordion-icon-opened\"><svg class=\"e-font-icon-svg e-fas-minus\" viewBox=\"0 0 448 512\" xmlns=\"http:\/\/www.w3.org\/2000\/svg\"><path d=\"M416 208H32c-17.67 0-32 14.33-32 32v32c0 17.67 14.33 32 32 32h384c17.67 0 32-14.33 32-32v-32c0-17.67-14.33-32-32-32z\"><\/path><\/svg><\/span>\n\t\t\t\t\t\t\t\t\t\t\t\t\t\t<\/span>\n\t\t\t\t\t\t\t\t\t\t\t\t<a class=\"elementor-accordion-title\" tabindex=\"0\">Ilmaveere restorani broneeringu tingimused ja t\u00fchistamine<\/a>\n\t\t\t\t\t<\/div>\n\t\t\t\t\t<div id=\"elementor-tab-content-1102\" class=\"elementor-tab-content elementor-clearfix\" data-tab=\"2\" role=\"region\" aria-labelledby=\"elementor-tab-title-1102\"><p>V\u00e4iksematele seltskondadele (2-4 k\u00fclalist)<br \/>\u203a Kui t\u00fchistatakse 5+ p\u00e4eva enne \u00f5htus\u00f6\u00f6ki, on t\u00fchistamistasu 0% (tagasimakse 100%).<br \/>\u203a Kui t\u00fchistatakse 3-5 p\u00e4eva enne \u00f5htus\u00f6\u00f6ki, arvestatakse 50% t\u00fchistamistasu (tagasimakse<br \/>50%).<br \/>\u203a Kui t\u00fchistatakse kuni 48 tundi enne \u00f5htus\u00f6\u00f6ki, arvestatakse 100% t\u00fchistamistasu.<br \/>\u203a Broneeringu muutmine: Kui peate broneeringut muutma, v\u00f5tke meiega \u00fchendust e-posti<br \/>v\u00f5i telefoni teel v\u00e4hemalt 2 p\u00e4eva enne algset broneeringu kuup\u00e4eva. Teeme k\u00f5ik, et teie<br \/>soovi rahuldada.<\/p><p>Gruppidele alates 6 k\u00fclalisest<br \/>\u203a Kui t\u00fchistatakse 14+ p\u00e4eva enne \u00f5htus\u00f6\u00f6ki, 0% t\u00fchistamistasu (tagasimakse 100%).<br \/>\u203a Kui t\u00fchistatakse 13-8 p\u00e4eva enne \u00f5htus\u00f6\u00f6ki, arvestatakse 50% t\u00fchistamistasu<br \/>(tagasimakse 50%).<br \/>\u203a Kui t\u00fchistatakse kuni 7 p\u00e4eva enne \u00f5htus\u00f6\u00f6ki, arvestatakse 100% t\u00fchistamistasu.<br \/>\u203a Broneeringu muutmine: Kui peate broneeringut muutma, v\u00f5tke meiega \u00fchendust e-posti<br \/>v\u00f5i telefoni teel v\u00e4hemalt 7 p\u00e4eva enne algset broneeringu kuup\u00e4eva. Teeme k\u00f5ik, et teie<br \/>soovi rahuldada.<\/p><p>T\u00fchistamine \u00e4geda haiguse \/ v\u00e4\u00e4ramatu j\u00f5u korral<br \/>V\u00e4\u00e4ramatu j\u00f5u v\u00f5i \u00e4geda haiguse korral palume teavitada meid viivitamatult e-posti v\u00f5i<br \/>telefoni teel.<\/p><\/div>\n\t\t\t\t<\/div>\n\t\t\t\t\t\t\t<div class=\"elementor-accordion-item\">\n\t\t\t\t\t<div id=\"elementor-tab-title-1103\" class=\"elementor-tab-title\" data-tab=\"3\" role=\"button\" aria-controls=\"elementor-tab-content-1103\" aria-expanded=\"false\">\n\t\t\t\t\t\t\t\t\t\t\t\t\t<span class=\"elementor-accordion-icon elementor-accordion-icon-left\" aria-hidden=\"true\">\n\t\t\t\t\t\t\t\t\t\t\t\t\t\t\t<span class=\"elementor-accordion-icon-closed\"><svg class=\"e-font-icon-svg e-fas-plus\" viewBox=\"0 0 448 512\" xmlns=\"http:\/\/www.w3.org\/2000\/svg\"><path d=\"M416 208H272V64c0-17.67-14.33-32-32-32h-32c-17.67 0-32 14.33-32 32v144H32c-17.67 0-32 14.33-32 32v32c0 17.67 14.33 32 32 32h144v144c0 17.67 14.33 32 32 32h32c17.67 0 32-14.33 32-32V304h144c17.67 0 32-14.33 32-32v-32c0-17.67-14.33-32-32-32z\"><\/path><\/svg><\/span>\n\t\t\t\t\t\t\t\t<span class=\"elementor-accordion-icon-opened\"><svg class=\"e-font-icon-svg e-fas-minus\" viewBox=\"0 0 448 512\" xmlns=\"http:\/\/www.w3.org\/2000\/svg\"><path d=\"M416 208H32c-17.67 0-32 14.33-32 32v32c0 17.67 14.33 32 32 32h384c17.67 0 32-14.33 32-32v-32c0-17.67-14.33-32-32-32z\"><\/path><\/svg><\/span>\n\t\t\t\t\t\t\t\t\t\t\t\t\t\t<\/span>\n\t\t\t\t\t\t\t\t\t\t\t\t<a class=\"elementor-accordion-title\" tabindex=\"0\">Kinkekaardi kasutustingimused<\/a>\n\t\t\t\t\t<\/div>\n\t\t\t\t\t<div id=\"elementor-tab-content-1103\" class=\"elementor-tab-content elementor-clearfix\" data-tab=\"3\" role=\"region\" aria-labelledby=\"elementor-tab-title-1103\"><p>\u203a Kinkekaart kehtib 12 kuud alates v\u00e4ljastamise kuup\u00e4evast ja seda ei saa pikendada.<br \/>\u203a Kinkekaart tuleb lunastada hiljemalt kaardile m\u00e4rgitud kehtivuse viimasel p\u00e4eval.<br \/>\u203a Kinkekaarti saab lunastada ainult \u00fche korra, seda ei saa vahetada sularaha vastu ning see<br \/>ei ole edasiantav ega tagastatav.<br \/>\u203a Kinkekaarti ei saa lunastada olemasolevate broneeringute puhul.<br \/>\u203a Kinkekaarti saab kasutada \u00f6\u00f6bimiste ja teiste teenuste (restoran v\u00f5i tegevused) eest<br \/>osaliselt v\u00f5i t\u00e4ielikult tasumiseks Ilmaveeres.<br \/>\u203a Kui teie \u00f6\u00f6bimise kogumaksumus \u00fcletab kinkekaardi v\u00e4\u00e4rtust, peab \u00fclej\u00e4\u00e4gi tasuma<br \/>kinkekaardi omanik.<br \/>\u203a Ilmaveerel on \u00f5igus kinkekaarti mitte aktsepteerida, kui see on juba lunastatud, kasutatud<br \/>petturlikult v\u00f5i kehtetu tehtava broneeringu jaoks.<br \/>\u203a Ilmaveere ei vastuta kadunud, varastatud ega kahjustatud kinkekaartide eest. Palun hoidke<br \/>kinkekaarti nagu sularaha.<br \/>\u203a Hiline broneeringu t\u00fchistamine vastavalt kehtivale t\u00fchistamise poliitika muudab kinkekaardi<br \/>kehtetuks.<br \/>\u203a Kinkekaarti saavad kasutada ainult 18-aastased ja vanemad isikud.<br \/>\u203a Tingimused ja reeglid v\u00f5ivad muutuda.<\/p><\/div>\n\t\t\t\t<\/div>\n\t\t\t\t\t\t\t<div class=\"elementor-accordion-item\">\n\t\t\t\t\t<div id=\"elementor-tab-title-1104\" class=\"elementor-tab-title\" data-tab=\"4\" role=\"button\" aria-controls=\"elementor-tab-content-1104\" aria-expanded=\"false\">\n\t\t\t\t\t\t\t\t\t\t\t\t\t<span class=\"elementor-accordion-icon elementor-accordion-icon-left\" aria-hidden=\"true\">\n\t\t\t\t\t\t\t\t\t\t\t\t\t\t\t<span class=\"elementor-accordion-icon-closed\"><svg class=\"e-font-icon-svg e-fas-plus\" viewBox=\"0 0 448 512\" xmlns=\"http:\/\/www.w3.org\/2000\/svg\"><path d=\"M416 208H272V64c0-17.67-14.33-32-32-32h-32c-17.67 0-32 14.33-32 32v144H32c-17.67 0-32 14.33-32 32v32c0 17.67 14.33 32 32 32h144v144c0 17.67 14.33 32 32 32h32c17.67 0 32-14.33 32-32V304h144c17.67 0 32-14.33 32-32v-32c0-17.67-14.33-32-32-32z\"><\/path><\/svg><\/span>\n\t\t\t\t\t\t\t\t<span class=\"elementor-accordion-icon-opened\"><svg class=\"e-font-icon-svg e-fas-minus\" viewBox=\"0 0 448 512\" xmlns=\"http:\/\/www.w3.org\/2000\/svg\"><path d=\"M416 208H32c-17.67 0-32 14.33-32 32v32c0 17.67 14.33 32 32 32h384c17.67 0 32-14.33 32-32v-32c0-17.67-14.33-32-32-32z\"><\/path><\/svg><\/span>\n\t\t\t\t\t\t\t\t\t\t\t\t\t\t<\/span>\n\t\t\t\t\t\t\t\t\t\t\t\t<a class=\"elementor-accordion-title\" tabindex=\"0\">Veebilehe kasutustingimused<\/a>\n\t\t\t\t\t<\/div>\n\t\t\t\t\t<div id=\"elementor-tab-content-1104\" class=\"elementor-tab-content elementor-clearfix\" data-tab=\"4\" role=\"region\" aria-labelledby=\"elementor-tab-title-1104\"><p>Need tingimused m\u00e4\u00e4ravad Ilmaveere veebilehe www.ilmaveere.ee kasutamise reeglid ja n\u00f5uded.<\/p><p>Veebilehele ligip\u00e4\u00e4su korral eeldame, et n\u00f5ustute nende tingimustega. Kui te ei n\u00f5ustu k\u00f5igi<br \/>lehel esitatud tingimustega, siis palun l\u00f5petage Ilmaveere veebilehe kasutamine.<\/p><\/div>\n\t\t\t\t<\/div>\n\t\t\t\t\t\t\t\t<\/div>\n\t\t\t\t\t\t<\/div>\n\t\t\t\t<\/div>\n\t\t\t\t\t<\/div>\n\t\t\t\t<\/div>\n\t\t\t\t<\/div>\n\t\t","protected":false},"excerpt":{"rendered":"<p>Booking\u00a0 terms and conditions Tubade broneeringu tingimused ja t\u00fchistamine \u203a Kui broneering t\u00fchistatakse 15-28 p\u00e4eva enne saabumise kuup\u00e4eva, arvestatakse maha25% broneeringu kogusummast. \u203a Kui broneering t\u00fchistatakse 7-14 p\u00e4eva enne saabumise kuup\u00e4eva, arvestatakse maha50% broneeringu kogusummast. \u203a Kui broneering t\u00fchistatakse kuni 7 p\u00e4eva enne saabumise kuup\u00e4eva, arvestatakse 100%broneeringu kogusummast. Broneeringu muutmine\u203a Kui soovite broneeringut muuta, v\u00f5tke &#8230;<\/p>\n","protected":false},"author":1,"featured_media":0,"parent":0,"menu_order":0,"comment_status":"closed","ping_status":"closed","template":"","meta":{"inline_featured_image":false,"cozystay_single_page_hide_site_header":"","cozystay_single_page_site_header_source":"","cozystay_single_page_custom_site_header":"0","cozystay_single_page_custom_sticky_site_header":"0","cozystay_single_page_hide_page_title":"","cozystay_single_page_header_section_size":"","cozystay_single_page_header_background_color":"","cozystay_single_page_header_background_position_x":"center","cozystay_single_page_header_background_position_y":"center","cozystay_single_page_header_background_size":"cover","cozystay_single_page_header_background_repeat":"off","cozystay_single_page_header_background_scroll":"on","cozystay_single_page_header_text_color":"","cozystay_single_page_header_show_breadcrumb":"","cozystay_single_page_site_footer_hide_main":"","cozystay_single_custom_site_footer_main_source":"","cozystay_single_custom_site_footer_main":"0","cozystay_single_page_site_footer_hide_above":"","cozystay_single_custom_site_footer_above_source":"","cozystay_single_custom_site_footer_above":"0","cozystay_single_page_site_footer_hide_instagram":"","cozystay_single_page_site_footer_hide_bottom":"","cozystay_single_custom_mobile_menu_source":"","cozystay_single_custom_mobile_menu":"0","cozystay_single_custom_mobile_menu_animation":"","cozystay_single_custom_mobile_menu_width":"","cozystay_single_custom_mobile_menu_custom_width":375,"footnotes":""},"class_list":["post-19049","page","type-page","status-publish","hentry"],"_links":{"self":[{"href":"https:\/\/ilmaveere.ee\/dev\/wp-json\/wp\/v2\/pages\/19049","targetHints":{"allow":["GET"]}}],"collection":[{"href":"https:\/\/ilmaveere.ee\/dev\/wp-json\/wp\/v2\/pages"}],"about":[{"href":"https:\/\/ilmaveere.ee\/dev\/wp-json\/wp\/v2\/types\/page"}],"author":[{"embeddable":true,"href":"https:\/\/ilmaveere.ee\/dev\/wp-json\/wp\/v2\/users\/1"}],"replies":[{"embeddable":true,"href":"https:\/\/ilmaveere.ee\/dev\/wp-json\/wp\/v2\/comments?post=19049"}],"version-history":[{"count":0,"href":"https:\/\/ilmaveere.ee\/dev\/wp-json\/wp\/v2\/pages\/19049\/revisions"}],"wp:attachment":[{"href":"https:\/\/ilmaveere.ee\/dev\/wp-json\/wp\/v2\/media?parent=19049"}],"curies":[{"name":"wp","href":"https:\/\/api.w.org\/{rel}","templated":true}]}}